{"id":99,"date":"2018-05-01T13:04:09","date_gmt":"2018-05-01T11:04:09","guid":{"rendered":"http:\/\/vgn.nu.petabyte.se\/?page_id=99"},"modified":"2025-04-29T15:26:37","modified_gmt":"2025-04-29T13:26:37","slug":"kontakta-oss","status":"publish","type":"page","link":"https:\/\/vgn.nu\/?page_id=99","title":{"rendered":"Kontakta oss"},"content":{"rendered":"<p>V\u00e4stra G\u00f6talands N\u00e4rradiodistrikt \u00e4r en f\u00f6rening, medlem kan n\u00e4rradiof\u00f6rening som s\u00e4nder inom V\u00e4stra G\u00f6taland bli.<\/p>\n<p>En styrelse v\u00e4ljs normalt i april varje \u00e5r, som sedan handl\u00e4gger och tecknar avtal om s\u00e4ndningar fr\u00e5n RF.<\/p>\n<p>Ta g\u00e4rna kontakt med oss, du n\u00e5r oss l\u00e4ttas p\u00e5 e-mail<\/p>\n<p>V\u00e4stra G\u00f6talands N\u00e4rradiodistrikt<br \/>\nBangatan 10<br \/>\n521 43 FALK\u00d6PING<\/p>\n<p>Bes\u00f6ksadress: Eriksgatan 2<\/p>\n<p><em>Tel: 0515-17235<br \/>\ne-mail: info( )vgn.nu<\/em><\/p>\n","protected":false},"excerpt":{"rendered":"<p>V\u00e4stra G\u00f6talands N\u00e4rradiodistrikt \u00e4r en f\u00f6rening, medlem kan n\u00e4rradiof\u00f6rening som s\u00e4nder inom V\u00e4stra G\u00f6taland bli. En styrelse v\u00e4ljs normalt i april varje \u00e5r, som sedan handl\u00e4gger och tecknar avtal om s\u00e4ndningar fr\u00e5n RF. Ta g\u00e4rna kontakt med oss, du n\u00e5r oss l\u00e4ttas p\u00e5 e-mail V\u00e4stra G\u00f6talands N\u00e4rradiodistrikt Bangatan 10 521 43 FALK\u00d6PING Bes\u00f6ksadress: Eriksgatan 2 &hellip; <a href=\"https:\/\/vgn.nu\/?page_id=99\" class=\"more-link\">Forts\u00e4tt l\u00e4sa <span class=\"screen-reader-text\">Kontakta oss<\/span><\/a><\/p>\n","protected":false},"author":9,"featured_media":504,"parent":0,"menu_order":0,"comment_status":"closed","ping_status":"closed","template":"","meta":[],"_links":{"self":[{"href":"https:\/\/vgn.nu\/index.php?rest_route=\/wp\/v2\/pages\/99"}],"collection":[{"href":"https:\/\/vgn.nu\/index.php?rest_route=\/wp\/v2\/pages"}],"about":[{"href":"https:\/\/vgn.nu\/index.php?rest_route=\/wp\/v2\/types\/page"}],"author":[{"embeddable":true,"href":"https:\/\/vgn.nu\/index.php?rest_route=\/wp\/v2\/users\/9"}],"replies":[{"embeddable":true,"href":"https:\/\/vgn.nu\/index.php?rest_route=%2Fwp%2Fv2%2Fcomments&post=99"}],"version-history":[{"count":4,"href":"https:\/\/vgn.nu\/index.php?rest_route=\/wp\/v2\/pages\/99\/revisions"}],"predecessor-version":[{"id":3283,"href":"https:\/\/vgn.nu\/index.php?rest_route=\/wp\/v2\/pages\/99\/revisions\/3283"}],"wp:featuredmedia":[{"embeddable":true,"href":"https:\/\/vgn.nu\/index.php?rest_route=\/wp\/v2\/media\/504"}],"wp:attachment":[{"href":"https:\/\/vgn.nu\/index.php?rest_route=%2Fwp%2Fv2%2Fmedia&parent=99"}],"curies":[{"name":"wp","href":"https:\/\/api.w.org\/{rel}","templated":true}]}}